digit of y?
4
Let s = 540 + -155. Suppose 0 = 5*j + n - s, -j - 5*n - 154 = -3*j. What is the units digit of j?
7
Suppose -4*y = -w + 2*w - 86, -5*y = -2*w + 172. What is the units digit of -7*w*1/(-7)?
6
Let h = 364 + -265. What is the units digit of h?
9
Let v be 1954/10 + (-34)/85. Suppose x + 153 = 4*t, 0 = 5*t - 5*x - 0*x - v. What is the tens digit of t?
3
Let v = 821 - 281. What is the units digit of v?
0
Let r(h) = -h + 1. Let y be r(-2). Suppose y*d - 18 = -2*j, -11 = -4*d - j + 18. Let k(b) = 3*b - 2. What is the tens digit of k(d)?
2
Suppose 3*v - 3 + 3 = 0. What is the units digit of 36 + -1 + (-4 - v)?
1
Suppose 5*o = 6*j - 4*j + 2621, -5*o + 3*j = -2619. What is the tens digit of o?
2
Let q = 972 + -414. Let o be q/(-4)*22/(-33). Let c = o - 60. What is the tens digit of c?
3
Suppose 21356 - 4556 = 21*o. What is the units digit of o?
0
Suppose -248*s + 239*s = -17532. What is the units digit of s?
8
Let v(n) = n**3 + n + 3. Let q be v(0). Suppose 18 = 3*u - q. Let h(x) = -x**3 + 7*x**2 + x + 1. What is the units digit of h(u)?
8
Suppose 100 = 18*z - 14*z. Let c be -2 - (0 + -6 - -1). Suppose 0 = 4*l - 3*v - z, -c*v = -l - v. What is the tens digit of l?
1
Suppose 49 = 4*h - 5*q, 3*q + 0 - 3 = -3*h. Let c = h + 16. What is the tens digit of c?
2
Let c = -543 - -278. Let y = -178 - c. What is the tens digit of y?
8
Suppose 15 = v + 4*v. Let n(z) = 33*z + 1. Let l be n(v). Suppose -4*i - i = -l. What is the tens digit of i?
2
Let j(c) = -28*c - 279. What is the units digit of j(-23)?
5
What is the tens digit of (7 - -1)*(-5)/((-40)/1296)?
9
What is the thousands digit of 143559/135 - 4/10?
1
Let u = 20 + -18. Suppose -5*d = -6*d - u*f + 93, -368 = -4*d - 4*f. What is the units digit of d?
1
Suppose -o - 2*o + 15 = 0. Suppose 4*n + 0*n + o*q - 5 = 0, 0 = 2*n - 5*q + 5. Let v = 9 + n. What is the units digit of v?
9
Suppose 0 = -6*x - 20*x + 936. What is the units digit of x?
6
Suppose 7*q - 4843 = -538. What is the tens digit of q?
1
What is the units digit of (4692/(-207))/(1/(-3)*1)?
8
Suppose -287*t = -294*t + 1841. What is the units digit of t?
3
Let i be -2*(-429)/4 - (-9)/6. Suppose -5*h - j = -i, -2*j + 160 = 4*h + 2*j. What is the units digit of h?
4
What is the tens digit of 20000/36 + (3 - (-46)/(-18))?
5
Let n = -1327 - -869. Let z = -167 - n. What is the hundreds digit of z?
2
Let v = -1 + 1. Let p = 815 + -780. Let i = p - v. What is the tens digit of i?
3
What is the tens digit of (-658422)/(-810) + -4*(-1)/30?
1
Let d = -23 + 22. Suppose -1 = -2*u + 7. Let z = u + d. What is the units digit of z?
3
What is the tens digit of (-574140)/(-700) - (-1)/(0 + -5)?
2
Suppose 3*f + s = -2*f + 18, 2*f = -s + 6. Let h(i) = 8*i - 4. Let w be h(1). Suppose w*j - 60 = f*k, -j - 2*k = -5*j + 58. What is the tens digit of j?
1
Let x(h) = -h + 6. Suppose -10 = -n - 4. Let i be x(n). Suppose 4*q - 50 = -d, i = 2*q - 5*d + d - 16. What is the tens digit of q?
1
Suppose 44814 = 2*t + 20*t. What is the units digit of t?
7
Suppose -2*r + 74 = k, 2*k = -2*r + 3*k + 70. Suppose r + 34 = 5*q. What is the tens digit of q?
1
Let s = 1717 - 1334. What is the units digit of s?
3
Let m = -15 + 10. Let p(a) = -9 + 13*a - 8*a - 13*a. What is the tens digit of p(m)?
3
Suppose -2*t + 1017 - 3663 = -4*y, 4*t + 3315 = 5*y. What is the hundreds digit of y?
6
Let g = 61 + -55. What is the units digit of g*10 - (2 - (0 + 3))?
1
Let h(b) = -b**2 - 9*b - 11. Let z be h(-8). What is the tens digit of (-6)/z + 0 + 248?
5
Suppose -46*s = -20*s - 4394. What is the hundreds digit of s?
1
Let h = -523 - -371. Let w = h - -219. What is the tens digit of w?
6
Let f(j) = -4 - 8*j + 2*j**2 + 0 - j**2. Let z be f(6). Let i = z + 37. What is the tens digit of i?
2
Let r be 8/20*(-3 + 2 + 11). Suppose g = 2*o + 3*o - 23, -o - 3 = -4*g. Let b = o - r. What is the units digit of b?
1
Suppose -38 = -5*j + 3*j. Let i = j - 15. What is the units digit of i?
4
Let p(j) = j**3 - 2*j**2 - 4. Let k be p(3). Suppose 5*l = k*u + 480, 3*l + 2*u - 280 = 7*u. What is the hundreds digit of l?
1
Suppose 4*u - 173 = 343. Suppose -79 - 142 = -5*a - z, -3*a = -3*z - u. What is the units digit of a?
4
Let a be (3 + -2)/((-1)/(-3)). Let i be (6/a)/((-3)/(-24)). What is the tens digit of (24/i)/((-2)/(-24))?
1
Let h = 38 - 36. Let m = 45 + -32. Let o = m + h. What is the units digit of o?
5
Let j(q) = -3*q**2 + 41*q + 17. Let o be j(14). Suppose 0 = 5*m - o*f - 287, 2*m + 5*f = 7*m - 295. What is the units digit of m?
5
Suppose -6*w = -12*w + 18. Suppose -o - 20 = w*o, 0 = 2*g - 4*o - 76. What is the tens digit of g?
2
Let r(t) be the first derivative of t**4/4 - 2*t**3/3 - 3*t**2/2 + 9*t + 23. What is the tens digit of r(5)?
6
Let y = 14 + -12. Let t(c) = 4*c + 0 + 13*c**2 - 7*c**y - 5*c**2 - 3. What is the units digit of t(-7)?
8
Let h = -62 - -38. What is the units digit of ((-9)/(-12))/(27/h)*-408?
2
Let t(k) = -2*k + 5. Let n be t(0). Let d(r) = -r**2 + 8*r - 5. Let c be d(n). Suppose -94 = 8*i - c*i. What is the tens digit of i?
4
Suppose -4*h - 37 = 27. Let y = -13 - h. Suppose k - 40 = -y*k. What is the tens digit of k?
1
Suppose 72 = -10*g + 13*g. Let h = g - 11. What is the tens digit of 5/(h/6 + -2)?
3
Let a(q) = 5*q + 0*q**2 - 3*q**2 + 15*q**2 - 4*q**2 - 2. What is the tens digit of a(2)?
4
Let q(i) = -6*i**2 + 7*i - 17. Let s(u) = -u**2 - u - 1. Let o(h) = -q(h) + 5*s(h). What is the tens digit of o(12)?
1
Suppose -4*l = -4*g - 8752, l - 8*g = -13*g + 2218. What is the thousands digit of l?
2
Let y(r) = -111*r - 33. What is the tens digit of y(-3)?
0
Let c be 5/((-35)/(-2)) + 39357/63. Let l = c - 424. What is the tens digit of l?
0
Let t(k) = k**3 + 3*k + 8. What is the units digit of t(7)?
2
Let c = -35 + 40. Suppose 0 = c*g - 5*t - 615, -3*t + t = -3*g + 374. What is the units digit of g?
8
Suppose 86 = -3*j + 1070. Suppose -3*f + 5*g = -5*f + 164, 4*f = -5*g + j. What is the units digit of f?
2
Let s(j) = -8*j**3 - 3*j**2 - 3*j - 2. Suppose -1 = -g - 3*m, -5*g - 2*m = 2 + 6. Let d be s(g). Let u = -30 + d. What is the tens digit of u?
2
Let h be (-4 - -3) + 6 - -1. Let n be (-273)/(-104) + h/16. Suppose n*b - 185 = -4*c + 2*b, 5*b + 203 = 4*c. What is the units digit of c?
7
Let b(x) = 2*x**2 - 3*x**2 - 2 - 5 - 16*x. Let f be (14/49)/((-4)/(-14))*-13. What is the units digit of b(f)?
2
Let o(x) = -12*x + 199. What is the tens digit of o(-35)?
1
Suppose -5*z - 1 = 14, -4*h = 5*z - 165. Suppose 2*x = -r - x + h, 3*r - 105 = -3*x. What is the tens digit of r?
3
Suppose 4*i = -r + 4297, 23*r - 21503 = 18*r - 2*i. What is the thousands digit of r?
4
Let h = 1557 + -993. What is the hundreds digit of h?
5
Let u be (-3 + (-5)/(-3))*-6. Suppose 0 = 3*n - 5*n - u. What is the units digit of -1 - (70 + -2)/n?
6
Let l = 176 + 76. What is the units digit of l?
2
Suppose 3*s = 4*p + 728, -s + 488 = s - 2*p. Suppose -4*a + 6*z + s = 3*z, a + 2*z - 62 = 0. What is the tens digit of a?
6
Let r(c) = -c**3 + 3*c + 2. Let k be r(-2). Suppose n - 5 = -k*b + 5*b, -5*b + 10 = 0. What is the units digit of 98/2 + (n - 9)?
7
Let i(w) = 647*w + 383. What is the thousands digit of i(3)?
2
Suppose 0 = 29*s - 7*s - 330. Let v = 6 - -38. Let b = v + s. What is the units digit of b?
9
Let i(n) = 149*n - 13. Let z be i(-2). Let j = -211 - z. What is the hundreds digit of j?
1
Let d = 515 + -414. What is the tens digit of d?
0
Let t = 14 + -16. What is the units digit of (112/(-6))/(t/3)?
8
Suppose -3*n = -0*n - 4*s + 8, n = -4*s + 24. What is the tens digit of 4/((-5)/(-380)*n)?
7
Let m = 354 + -263. Let j be 1/2 + (-9)/(-2). Suppose j = 5*r, 4*r + m = 5*g - 0*r. What is the units digit of g?
9
Let g be (-10)/(-4)*(-3 - -5). Suppose g = m, 0*l = l - m + 3. Suppose -3*z + 31 = 2*s + l*s, -4*z + 8 = 2*s. What is the tens digit of s?
1
Suppose -3*q + 5*r = -358, 5*r - 152 = -2*q + 120. What is the hundreds digit of q?
1
Suppose y - 1603 = -3*c, 11*c - 12 = 15*c. What is the tens digit of y?
1
Suppose 4*s - 84 = -4*t, 23 = t + 3*s - s. Let z(h) = 16*h + 160. Let u be z(-10). Suppose i - t = -u*i. What is the tens digit of i?
1
Suppose 3*b = 11*z - 15*z + 268, 0 = 3*b - 12. What is the units digit of z?
4
Let v(j) be the third derivative of j**4/4 + 34*j**3/3 + 26*j**2. What is the units digit of v(-9)?
4
L